hat is the tens digit of 1283505?
0
What is the hundreds digit of 81437?
4
What is the thousands digit of 61448?
1
What is the ten thousands digit of 342404?
4
What is the units digit of 575237?
7
What is the thousands digit of 10219?
0
What is the units digit of 391110?
0
What is the hundreds digit of 207528?
5
What is the ten thousands digit of 82554?
8
What is the tens digit of 7200797?
9
What is the tens digit of 7057768?
6
What is the hundred thousands digit of 26864763?
8
What is the units digit of 27922358?
8
What is the hundred thousands digit of 2624933?
6
What is the millions digit of 3254541?
3
What is the units digit of 482054?
4
What is the thousands digit of 972482?
2
What is the hundred thousands digit of 1286952?
2
What is the thousands digit of 14611269?
1
What is the hundred thousands digit of 11637585?
6
What is the tens digit of 7283306?
0
What is the units digit of 5898004?
4
What is the units digit of 6484941?
1
What is the ten thousands digit of 834455?
3
What is the units digit of 11268869?
9
What is the units digit of 407857?
7
What is the thousands digit of 1177227?
7
What is the hundreds digit of 354805?
8
What is the hundred thousands digit of 1350677?
3
What is the thousands digit of 4206433?
6
What is the units digit of 8250797?
7
What is the millions digit of 2187593?
2
What is the units digit of 6330225?
5
What is the tens digit of 199756?
5
What is the millions digit of 4498028?
4
What is the tens digit of 21626267?
6
What is the thousands digit of 1362990?
2
What is the hundreds digit of 2161738?
7
What is the hundred thousands digit of 274465?
2
What is the hundreds digit of 40628?
6
What is the hundred thousands digit of 987273?
9
What is the thousands digit of 24052908?
2
What is the tens digit of 10026?
2
What is the hundred thousands digit of 256286?
2
What is the thousands digit of 5908105?
8
What is the hundreds digit of 244862?
8
What is the millions digit of 4469533?
4
What is the millions digit of 2278585?
2
What is the thousands digit of 461825?
1
What is the units digit of 287558?
8
What is the hundred thousands digit of 4281239?
2
What is the units digit of 2190313?
3
What is the ten thousands digit of 515304?
1
What is the hundred thousands digit of 4167655?
1
What is the hundreds digit of 546746?
7
What is the units digit of 415211?
1
What is the hundreds digit of 130708?
7
What is the thousands digit of 954827?
4
What is the ten thousands digit of 1958512?
5
What is the units digit of 525678?
8
What is the millions digit of 2434326?
2
What is the tens digit of 7659174?
7
What is the hundreds digit of 3283004?
0
What is the ten thousands digit of 40268?
4
What is the hundreds digit of 204246?
2
What is the hundred thousands digit of 3056013?
0
What is the tens digit of 26456?
5
What is the hundred thousands digit of 4505915?
5
What is the thousands digit of 1102015?
2
What is the ten thousands digit of 343286?
4
What is the units digit of 172278?
8
What is the ten thousands digit of 801857?
0
What is the hundred thousands digit of 13045553?
0
What is the hundred thousands digit of 2227232?
2
What is the hundreds digit of 135426?
4
What is the tens digit of 279343?
4
What is the ten thousands digit of 2535672?
3
What is the units digit of 1117839?
9
What is the tens digit of 10791182?
8
What is the tens digit of 3184570?
7
What is the tens digit of 26337163?
6
What is the tens digit of 3656050?
5
What is the ten thousands digit of 385945?
8
What is the tens digit of 5694564?
6
What is the tens digit of 707017?
1
What is the hundred thousands digit of 9801675?
8
What is the tens digit of 615994?
9
What is the thousands digit of 209077?
9
What is the hundred thousands digit of 10460982?
4
What is the millions digit of 4609069?
4
What is the units digit of 2027069?
9
What is the thousands digit of 211011?
1
What is the hundred thousands digit of 184501?
1
What is the hundreds digit of 40561?
5
What is the hundreds digit of 3549108?
1
What is the thousands digit of 254364?
4
What is the hundreds digit of 79511?
5
What is the units digit of 32672?
2
What is the tens digit of 135669?
6
What is the ten thousands digit of 7745602?
4
What is the thousands digit of 139539?
9
What is the ten thousands digit of 323780?
2
What is the units digit of 13256844?
4
What is the tens digit of 1496832?
3
What is the hundreds digit of 701583?
5
What is the millions digit of 24938087?
4
What is the hundreds digit of 2769141?
1
What is the units digit of 820127?
7
What is the thousands digit of 187841?
7
What is the units digit of 999458?
8
What is the millions digit of 17067935?
7
What is the tens digit of 1478636?
3
What is the hundred thousands digit of 358291?
3
What is the hundreds digit of 91350?
3
What is the thousands digit of 1129315?
9
What is the ten thousands digit of 41136?
4
What is the ten thousands digit of 6773720?
7
What is the hundreds digit of 11689671?
6
What is the hundred thousands digit of 258809?
2
What is the hundreds digit of 9308106?
1
What is the hundred thousands digit of 724470?
7
What is the tens digit of 18713305?
0
What is the thousands digit of 2857389?
7
What is the hundred thousands digit of 2102229?
1
What is the tens digit of 56767?
6
What is the tens digit of 409600?
0
What is the ten thousands digit of 3284806?
8
What is the tens digit of 895630?
3
What is the hundreds digit of 330299?
2
What is the hundred thousands digit of 524786?
5
What is the ten thousands digit of 460199?
6
What is the hundred thousands digit of 5573290?
5
What is the hundreds digit of 1566086?
0
What is the ten thousands digit of 5407028?
0
What is the ten thousands digit of 98851?
9
What is the units digit of 170138?
8
What is the tens digit of 308916?
1
What is the thousands digit of 2840029?
0
What is the hundreds digit of 156705?
7
What is the units digit of 313530?
0
What is the thousands digit of 476216?
6
What is the ten thousands digit of 4359271?
5
What is the hundreds digit of 2599783?
7
What is the units digit of 81580?
0
What is the ten thousands digit of 27683404?
8
What is the thousands digit of 676537?
6
What is the tens digit of 459899?
9
What is the hundreds digit of 2441933?
9
What is the ten thousands digit of 414200?
1
What is the tens digit of 1570886?
8
What is the hundred thousands digit of 5279373?
2
What is the hundreds digit of 125289?
2
What is the hundred thousands digit of 359665?
3
What is the tens digit of 480075?
7
What is the hundreds digit of 628409?
4
What is the thousands digit of 1332167?
2
What is the thousands digit of 500103?
0
What is the ten thousands digit of 10616572?
1
What is the millions digit of 6649000?
6
What is the units digit of 33220513?
3
What is the hundred thousands digit of 2213312?
2
What is the ten thousands digit of 3253741?
5
What is the hundreds digit of 1517822?
8
What is the tens digit of 6996027?
2
What is the hundred thousands digit of 884145?
8
What is the hundred thousands digit of 141633?
1
What is the thousands digit of 1232579?
2
What is the ten thousands digit of 536264?
3
What is the hundreds digit of 15328996?
9
What is the tens digit of 97974?
7
What is the ten thousands digit of 254685?
5
What is the hundred thousands digit of 7578643?
5
What is the tens digit of 488799?
9
What is the hundreds digit of 177181?
1
What is the hundreds digit of 389108?
1
What is the units digit of 15028220?
0
What is the tens digit of 3785459?
5
What is the hundreds digit of 5078979?
9
What is the ten thousands digit of 53439?
5
What is the units digit of 414219?
9
What is the ten thousands digit of 11515114?
1
What is the hundred thousands digit of 2173952?
1
What is the tens digit of 204886?
8
What is the hundred thousands digit of 101585?
1
What is the thousands digit of 2559917?
9
What is the hundreds digit of 388878?
8
What is the thousands digit of 1015538?
5
What is the tens digit of 1390454?
5
What is the hundred thousands digit of 119923?
1
What is the millions digit of 4170691?
4
What is the thousands digit of 273714?
3
What is the hundred thousands digit of 727275?
7
What is the hundred thousands digit of 1998562?
9
What is the hundreds digit of 795911?
9
What is the units digit of 778239?
9
What is the hundreds digit of 37302?
3
What 